6 = -5*f. What is the highest common factor of z and i?
14
Suppose 4*j = -2*m - 108 + 336, m - 96 = 4*j. What is the highest common factor of m and 54?
54
Let p(d) = 2*d + 43. Let w be p(-18). Let h(f) = f**3 + 14. Let u be h(0). Calculate the highest common divisor of w and u.
7
Let g(d) = -d**3 - 12*d**2 + 8*d - 8. Let j be g(-13). Suppose 5*l + 98 + j = 0. Let c = -7 - l. Calculate the highest common divisor of 4 and c.
4
Let k(y) = -11*y**3 + y**2 - y - 1. Let g be k(-1). Let s = -10 + 10. Suppose s = 5*n - 25, 67 = 4*v + 3*n - 92. What is the highest common factor of g and v?
12
Suppose 0*t = 3*t - 261. Suppose t - 24 = 3*i. Let l = i + -10. What is the highest common divisor of 11 and l?
11
Let m = 20 + -9. Let t(c) = -11*c. Let x be t(-5). Suppose -7*s = -2*s - x. What is the greatest common factor of s and m?
11
Let q(g) = 9*g. Let j(n) = n + 1. Let z(h) = -12*j(h) + q(h). Let t be z(-5). What is the highest common factor of t and 24?
3
Suppose -u - 2 + 7 = 0. Let s be (-21)/6*30/u. Let m be (-7)/(s/36) + 0. What is the greatest common factor of m and 36?
12
Let z be (3105/2)/1*(-312)/(-468). Calculate the highest common divisor of 115 and z.
115
Let v be -19 + 17 - 4/(-1). Let j = 205 + v. Calculate the highest common divisor of 23 and j.
23
Suppose 4*n + w = 4*w + 291, 2*n - w - 145 = 0. Let i(x) = -x**2 - x + 9. Suppose -3*o = -8*o. Let y be i(o). What is the greatest common divisor of n and y?
9
Suppose -3*b = 2*b - 20. Let x(a) = -17*a - 13. Let u be x(b). Let y = 139 - u. What is the highest common factor of y and 20?
20
Suppose -6*g + 35 + 205 = 0. Let h(b) = b**2 + b + 4. Suppose w + 29 = -3*o, -2*w + 3*w - 11 = 2*o. Let u be h(o). What is the highest common factor of u and g?
20
Suppose 3*t + 44 = -t + 2*s, -5*s = 20. Let x be ((-2)/(-4))/(t/130). Let f be -18*x/(-15)*-3. What is the highest common divisor of 27 and f?
9
Suppose 0 = -2*q + 161 - 7. Calculate the greatest common divisor of q and 14.
7
Let v be (-2)/(-2)*(-2)/2. Let o be 132/44*32/6. Let s = o + v. Calculate the greatest common divisor of s and 105.
15
Suppose 13 + 3 = -4*b, -176 = -2*o + 5*b. Suppose -5*s + 4*w = -0*w - 93, -5*w = -4*s + o. What is the greatest common divisor of s and 51?
17
Suppose 26*v - 8*v - 2214 = 0. Calculate the highest common factor of v and 82.
41
Let q(m) = 2*m + 17. Let x(b) = -b - 6. Let g(z) = 2*q(z) + 7*x(z). Let p be g(-6). Calculate the highest common divisor of p and 4.
2
Let h be 7/(-2)*(380 + -393)*2/7. Let j = -453 - -688. Suppose 5*v = 25 + j. What is the highest common factor of h and v?
13
Let o be (-1)/((-2)/(-6)) - -130. Suppose 4*n - 100 = -2*b, -4*n - n + o = 3*b. Calculate the highest common divisor of n and 23.
23
Suppose -82 = -g - 40. Suppose 8*t - 18*t = -700. What is the greatest common factor of t and g?
14
Let o be 150/9 + 4/(-6). Let j be ((-16)/1)/(o/(-328)). Calculate the greatest common divisor of 41 and j.
41
Let n(o) = 7*o**2 - 3*o + 10. Let i(m) = -13*m**2 + 7*m - 20. Let d(r) = 6*i(r) + 11*n(r). Let t be d(6). What is the greatest common divisor of 40 and t?
8
Suppose s - 274 = 3*n, -3*n - 2*s - 258 = s. Let q be (n/50)/(1/(-5)). What is the greatest common factor of 117 and q?
9
Suppose 5*v = -0 + 135. Calculate the highest common divisor of v and 162.
27
Let l be (-8 + -250)*(-3)/(54/12). What is the highest common factor of 8 and l?
4
Let d be (18/27)/(2/9). Suppose 7*t - d*t - 28 = 0. Let z be 36/14 + 3/t. What is the highest common factor of 9 and z?
3
Let i = 43 + -32. Suppose -8*f = -i*f + 30. Calculate the highest common factor of f and 10.
10
Let a(s) = s**2 - 8*s - 8. Let t(l) = -l**2 + 9*l + 11. Let h be t(9). Let r be a(h). Calculate the highest common divisor of 100 and r.
25
Let u be (2310/(-275))/(4/(-10)). Let b(g) = -6*g - 3. Let r be b(-3). Let q = u - r. What is the greatest common divisor of q and 24?
6
Let u(f) = 43*f**2 - 90*f - 89. Let r be u(-1). Suppose 0 = t - 8 - 3. Calculate the highest common divisor of r and t.
11
Let t(g) = -2*g - 16. Let k be t(-9). Suppose 5*p = -d + 127, -d + 134 = -4*p + k*p. What is the highest common divisor of d and 12?
12
Suppose 3*q + 5*m - 54 = 0, -5*m - 6 = 9. Suppose -q*s = -20*s - 3. Calculate the greatest common divisor of s and 8.
1
Let d(o) = -5*o**3 + 4*o**2 + 19. Let n be d(-5). Calculate the greatest common factor of n and 24.
24
Let h be -6*(-3)/3 + 0. Let p(d) = d + 12. Let a(u) = -u - 5. Let i be a(-5). Let x be p(i). Calculate the highest common divisor of x and h.
6
Let o = -176 - -178. Let d be (46 - o) + 3 + -3 + 4. Suppose -3*c = -4*c + 6. What is the highest common divisor of c and d?
6
Let s(v) = -2*v**3 - 2*v**2 + 2. Let r be s(2). Let z = -17 - r. Calculate the greatest common divisor of 10 and z.
5
Suppose 5*o - 3*z - 71 = 0, -5*o + 11*z + 65 = 6*z. Calculate the greatest common factor of o and 168.
8
Let f(t) = t + 15. Let v be f(-9). Let y = 9 - v. Suppose 4*z = 5*o - 184, 7*o - 3*o = y*z + 147. What is the highest common factor of o and 24?
12
Suppose z + 475 = 4*d - 2*z, -4*d + 5*z = -469. What is the highest common factor of d and 11?
11
Suppose -2*y + 5*z = -6*y - 308, 4 = z. Let t = -40 - y. Suppose c + 84 = 5*c - 4*d, 4*c - 84 = -5*d. Calculate the highest common divisor of c and t.
21
Let h(d) = -247*d**3 + 2*d**2 - 3*d**2 + 2 - 4*d + 250*d**3. Let s be h(2). Calculate the highest common divisor of 56 and s.
14
Let v = 14 - 12. Let t be (-1 - 1) + v + 40. Suppose -308 = -5*r - 2*x, 2*r - 4*x - 144 = -t. What is the greatest common factor of r and 15?
15
Suppose -5*q + 188 = o + 17, -2*q - 2*o = -70. What is the highest common divisor of q and 187?
17
Suppose -5*r - 10 + 150 = 0. Suppose -w + j = -25, 0 = 3*w + 5*j - r - 71. Calculate the greatest common divisor of w and 4.
4
Let y be 970/11 + (-4)/22. Suppose 0 = 4*b + 3*c, -6*c - 1 = 5*b - 2*c. Suppose -b*p + 49 + 17 = 0. Calculate the greatest common divisor of y and p.
22
Let y(c) = -c + 6. Let i be y(10). Let z be -2 + (1 - (i - 47)). Calculate the highest common factor of z and 20.
10
Suppose 6*p - 211 = 83. What is the greatest common divisor of 49 and p?
49
Suppose -5*b + 4*j = -0 - 2, 0 = 5*b - 5*j. Let h be (-13 + 7)/(b/(-10)). Let s be (8/(-4))/((-1)/3). Calculate the greatest common divisor of h and s.
6
Let f(v) = -v**2 + 15*v - 51. Let n be f(9). Suppose 2*t + w + 3 = 6*w, 3 = w. Calculate the highest common factor of t and n.
3
Suppose 3*d = 21 + 18. Let j = 527 + -799. Let a be j/(-20) - (-3)/(-5). Calculate the highest common divisor of d and a.
13
Suppose 9*q - 13*q - 44 = 0. Let y(m) = m**3 + 10*m**2 - 10*m + 11. Let c be y(q). Suppose -x - x + 60 = c. What is the greatest common factor of x and 6?
6
Let o = -13 + 25. Let j be (-18)/(-4)*(-2184)/(-117). What is the highest common factor of o and j?
12
Suppose 0 = 4*a + 2*j - 1706, 0 = -5*a - j + 968 + 1160. Calculate the highest common factor of 25 and a.
25
Let j(y) = y**2 - 4*y - 19. Let o be j(14). Suppose -6*v - 31 = -o. What is the greatest common divisor of 10 and v?
5
Let d(g) = 11*g + 6*g - 10 - 6*g + 14*g. Let k be d(1). What is the greatest common factor of 195 and k?
15
Let w be 186/(-5 + (-104)/(-20)). What is the highest common divisor of w and 90?
30
Suppose 0 = -10*s - 16634 + 16964. Let j = 60 - -72. Calculate the highest common factor of s and j.
33
Suppose -3*v + 2*y + 9 = -y, -15 = -5*y. Let i = v + 0. Suppose -3*w - 5*p = -82, -p + i*p = 3*w - 122. Calculate the highest common divisor of w and 85.
17
Let k be -3*3/(-27) + 112/(-12). Suppose -3 = -i - 2*b, -b - 7 = -2. Let x = i + k. What is the greatest common factor of 6 and x?
2
Let z(a) = -47*a - 137. Let y be z(-7). Calculate the greatest common divisor of y and 12.
12
Let h be (3 - -2 - 2) + -3. Suppose 352 = 4*j - h*j. Let w = 13 + -2. Calculate the highest common divisor of w and j.
11
Suppose -4*d = -5*y - 42, 6*y + 8 = 2*y. Suppose 0*h = -4*h - d. Let g be (h/3)/(1/(-18)). Calculate the greatest common divisor of g and 12.
12
Let o(c) = 4*c + 19. Let u be o(-4). Suppose u*w - 80 = -w. What is the highest common factor of 8 and w?
4
Suppose -2*h + 22 + 124 = 5*g, 52 = 2*g + 4*h. What is the highest common factor of g and 250?
10
Let c be (16/4)/((-4)/(-3)). Suppose -c*r = -110 + 29. Suppose u = 2*w - r, -6*u = 4*w 